 the remainder when w(u) is divided by v.
2
Let z(h) = 118*h**3 - 3*h**2 + 2. Let u be z(-1). Let f = 129 + u. Calculate the remainder when 59 is divided by f.
9
Suppose 166 - 46 = 3*v. What is the remainder when 839 is divided by v?
39
Let n = -21944 + 21946. Suppose 4*k + 2 = 6. What is the remainder when n is divided by k?
0
Suppose 2*u - 679 = -5*u. Suppose 3*a - a = 50. Calculate the remainder when u is divided by a.
22
Suppose -63*n = -13*n - 3650. What is the remainder when 436 is divided by n?
71
Let m = -1744 + 1764. What is the remainder when 76 is divided by m?
16
Suppose -1 = -2*m + 1. Suppose -y + 120 = -3*f, -2*f - 432 = -5*y + 155. Calculate the remainder when y is divided by m/((-3)/(-144)*2).
21
Let r be (-1)/(-9 + 4 + 4). Suppose 3*w = -f + 21 - r, 0 = -w + 2*f + 9. What is the remainder when 18 is divided by w?
4
Let c = -394 - -504. What is the remainder when c is divided by 6?
2
Let s(z) = z**2 - 9*z - 13. Let w be s(11). Suppose 4*o = 8, 2*c + o - w = 49. Calculate the remainder when 109 is divided by c.
25
Calculate the remainder when -5 + 577 + -3*(-16)/(-12) is divided by 13.
9
Suppose 27 + 42 = 3*k - 5*g, -g - 3 = 0. Let l = 21 - k. What is the remainder when 9 is divided by l?
0
Suppose -21*v = -29*v + 4720. Calculate the remainder when v is divided by 149.
143
Suppose -13*b = -23*b + 410. Let l = 71 + 133. What is the remainder when l is divided by b?
40
Suppose 218 = 4*h - 2*w - 252, -w + 5 = 0. Let i = -92 + h. Calculate the remainder when i is divided by 12.
4
Suppose 0 = -4*h + 86 + 66. What is the remainder when 302 is divided by h?
36
Suppose 2*t + 4*v = -t + 159, -t + 53 = 4*v. Let x(o) = -o + 14. Suppose 3*d = -5*b + 8 + 7, 2*d - b = -3. What is the remainder when t is divided by x(d)?
11
Let r(t) = -2*t + 17. Let k = -34 + 23. What is the remainder when r(k) is divided by 5?
4
Let w(o) = o**3 - 6*o**2 + 6*o - 4. Let l be w(5). Suppose 0 = -0*m - m - l. What is the remainder when (-56 + 6)*m*1 is divided by 17?
16
Suppose 2 = y - 9. Let v(i) = -20*i - 108. Calculate the remainder when v(-7) is divided by y.
10
Suppose d = -0*d + 1. Let k(l) = -8*l - 135. What is the remainder when k(-17) is divided by d?
0
Suppose -53 = -5*d + 2*c + 26, -d = c - 13. Suppose 6*y - d = y, -3*x + 2*y + 45 = 0. What is the remainder when x is divided by 11?
6
Let z(r) = 2*r**2 - 10*r + 6. What is the remainder when z(7) is divided by 14?
6
Suppose -u - 776 = -9*u. What is the remainder when u is divided by 17?
12
Let h(c) = c**3 + 8*c**2 - 9*c - 21. Calculate the remainder when h(-8) is divided by 29.
22
Suppose 6040 = 57*q + 454. What is the remainder when q is divided by 54?
44
Suppose 2*i - 5*x + 37 = 6*i, -3*i = -3*x + 6. Let o(r) = 2*r**3 - 3*r**2 - 2*r + 4. Let v = 102 - 28. What is the remainder when v is divided by o(i)?
24
Suppose 2*x = -x - 5*s + 20, -3*x + 18 = 3*s. What is the remainder when -1*(-23 + 0 + 2) is divided by 14/2 + -6 + x?
3
Suppose -3*j + 82 = -74. Let i = 9697 - 9686. Calculate the remainder when j is divided by i.
8
Let l(g) = -g**3 - 9*g**2 + 5. Let d be l(-9). Let f = 13 + d. Let z = f - 12. Calculate the remainder when 21 is divided by z.
3
Let s(b) = 3*b**2 + b - 3. Let i be s(-5). Let v = 101 - i. What is the remainder when v is divided by 10/(-40) - 37/(-4)?
7
Suppose -4*c = 5*y - 206, -3*c + 2*y = -0*c - 143. Let k = 185 + -168. What is the remainder when c is divided by k?
15
Suppose -15*g = -18*g + 2367. What is the remainder when g is divided by 44?
41
Suppose 37 + 43 = 4*i. What is the remainder when (13/((-78)/3))/(2/(-228)) is divided by i?
17
Let c = -61 - -113. Calculate the remainder when 113 is divided by c.
9
Calculate the remainder when 97 is divided by -1 - 275/(-13) - (-14)/(-91).
17
Let w(u) = -u**3 - 31*u**2 + 31*u + 38. What is the remainder when w(-32) is divided by 20?
10
Let k = -158 + 159. Calculate the remainder when 4 is divided by k.
0
What is the remainder when 282 is divided by (-5 + 595/(-14))/(1/(-2))?
92
Suppose 2*v - v + 80 = 5*b, 0 = 2*v. Suppose -2*y + o = 2*y - 370, -4*y - 4*o + 360 = 0. Calculate the remainder when y is divided by b.
12
Suppose -y + 0*y = -3*y. Suppose 3*o - 347 = 3*a - 2*a, 2*o - a - 233 = y. Calculate the remainder when o is divided by 39.
36
Let t(r) = -r**3 + 6*r**2 + 3*r - 3. Calculate the remainder when 1256 is divided by t(5).
35
Let m = -516 + 548. What is the remainder when 41 is divided by m?
9
Suppose -4 + 16 = 4*n. Suppose -n*i + 202 = -i. Calculate the remainder when i is divided by 26.
23
Let g(r) = -r + 9. Let i be g(-11). Let b = -15 + i. Let o(t) = -t + 4. What is the remainder when o(-5) is divided by b?
4
Let w be (-4)/(-14) - (-8775)/35. Suppose -w - 55 = -9*q. What is the remainder when q is divided by 9?
7
Suppose -b + 26 = -5*z, 0 = -4*b + 3*z - z + 14. What is the remainder when 95 is divided by (-142)/(-6) - b/(-3)?
23
Let y = 1005 + -985. What is the remainder when 877 is divided by y?
17
Let b = 243 - 225. Calculate the remainder when 70 is divided by b.
16
Let y(v) be the third derivative of -v**6/120 + v**5/10 + v**4/4 + 5*v**3/2 + 11*v**2. Calculate the remainder when 29 is divided by y(7).
5
Suppose 4*n = -9 - 59. Let z = 26 + n. What is the remainder when z is divided by 3?
0
Let j = -65 - -106. What is the remainder when j is divided by 11?
8
Suppose -3*s - 5*u = 478, 5*s + 826 = -0*u - u. Suppose 2*b + 171 = l + 11, 0 = 2*l - 4. Let v = b - s. What is the remainder when v is divided by 30?
27
Suppose 2*v - 3*n = -5*n - 16, -32 = 4*v - 4*n. Let o be 46/(1 + 4/v). Suppose 5*b - b = o. Calculate the remainder when 45 is divided by b.
22
Suppose 0 = 7*v - 2*v - 445. Let b = -15 + v. What is the remainder when b is divided by 25?
24
Suppose 0 = 4*r - t - 1822, 3*r - 2*t - 2*t - 1360 = 0. What is the remainder when r is divided by 46?
42
Suppose -g - 13 = -5*o, -7 = -o - 2. Suppose g*q - 51 = 11*q. Calculate the remainder when 203 is divided by q.
50
Let j(n) = 160*n**2 - n + 1. Let u be j(1). Let f = -112 - -222. Suppose 0 = -5*o + u + f. Calculate the remainder when o is divided by 19.
16
Let v be 3/((-120)/44 - -3). Let q = -9 + v. Suppose q*s + g = 10 + 33, 4*g = -3*s + 57. What is the remainder when s is divided by 6?
5
Suppose -7 = 4*b - 23. Calculate the remainder when (-19)/((-1 + b)/(-3)) is divided by 1/((-6)/20)*-3.
9
Suppose -5*u + 27 = 2. What is the remainder when 43 is divided by 756/30 - 1/u?
18
Suppose 4 = 5*x + 4*p + 137, -84 = 3*x + p. Let a = x + 18. Let b = 6 - a. What is the remainder when 65 is divided by b?
14
Suppose 0*q = 5*q - 495. Suppose 0*g = 9*g - q. Calculate the remainder when g is divided by 4.
3
Let k(r) = -28*r + 24. Let b be k(-10). Suppose 11*a - b = -8*a. What is the remainder when 31 is divided by a?
15
Let r = 179 + -116. Suppose -6*l + 21 = -r. Calculate the remainder when 38 is divided by l.
10
Suppose z + 4*z - 235 = 0. Let i = -111 + 167. Suppose 0 = 9*q + i - 164. What is the remainder when z is divided by q?
11
Suppose -18*q = -39*q + 42. Let j = -21 - -15. Let u = -1 - j. What is the remainder when u is divided by q?
1
Suppose 9*b + 1078 = 1267. Calculate the remainder when 97 is divided by b.
13
Suppose -t + 9*t = 1048. Let r = t + -85. Calculate the remainder when r is divided by 12.
10
Let j = 21 + -3. Calculate the remainder when j is divided by 15*1 + (4 + 4 - 13).
8
Suppose -2*a + 11 - 15 = -v, 0 = -2*v - 4*a. Suppose -5 = -5*x + 5. Suppose -z = 4*p - 5*p + 8, -2*p - x*z = 0. What is the remainder when p is divided by v?
0
Suppose -8*o = -12*o + 132. Calculate the remainder when (o - (-6 - -2)) + 2 is divided by 10.
9
Suppose 57*v - 22*v - 6055 = 0. Calculate the remainder when v is divided by 35.
33
Suppose 5 = 5*q, -2*t + 0*q = 3*q - 11. Suppose 3 = -t*c + 27. Let v(o) = o**3 + 8*o**2 + 5*o - 7. What is the remainder when v(-6) is divided by c?
5
Suppose -f = -0*f - 2, -5514 = -4*d - 3*f. What is the remainder when d is divided by 15?
12
Let n(k) = -33*k - 274. What is the remainder when 641 is divided by n(-9)?
20
Let q(c) = c**3 + 5*c**2 - 11*c - 14. Let t be q(-6). Suppose 2*i + 5*n + t = 3*i, 2*n = 2*i - 32. Calculate the remainder when 111 is divided by i.
15
Let c = 11 - -34. Calculate the remainder when (-465)/(-62)*88/5 is divided by c.
42
Let o be